ist the prime factors of 1460947833.
3, 23, 43, 6079
List the prime factors of 5923966762.
2, 7, 31, 47, 290419
What are the prime factors of 866675962?
2, 29, 3023, 4943
What are the prime factors of 224554714?
2, 29, 101, 38333
What are the prime factors of 1455711354?
2, 3, 23, 47, 79, 947
List the prime factors of 62994222.
2, 3, 3499679
List the prime factors of 1535891587.
43, 563, 63443
What are the prime factors of 2298736298?
2, 30649, 37501
What are the prime factors of 282402673?
7, 40343239
List the prime factors of 22413114.
2, 3, 29, 42937
What are the prime factors of 872713175?
5, 73, 478199
List the prime factors of 6523933895.
5, 10181, 128159
List the prime factors of 122027456.
2, 499, 3821
List the prime factors of 15401367.
3, 570421
What are the prime factors of 1385051570?
2, 5, 7, 3673, 5387
List the prime factors of 1528699575.
3, 5, 13, 163, 9619
What are the prime factors of 296458404?
2, 3, 11, 83, 27059
What are the prime factors of 153362179?
29, 613, 8627
List the prime factors of 1585080349.
1585080349
List the prime factors of 2949947442.
2, 3, 13, 109, 115657
What are the prime factors of 10553226?
2, 3, 17, 157, 659
List the prime factors of 112698528.
2, 3, 23, 43, 1187
What are the prime factors of 1590307875?
3, 5, 13, 108739
List the prime factors of 3121483864.
2, 43, 9074081
What are the prime factors of 194245080?
2, 3, 5, 379, 4271
What are the prime factors of 5071124532?
2, 3, 433, 975967
What are the prime factors of 66881341?
359, 186299
List the prime factors of 95168661.
3, 7, 4531841
List the prime factors of 9527968672.
2, 297749021
List the prime factors of 18660717.
3, 19, 29, 53, 71
List the prime factors of 45223486.
2, 7, 11, 293659
List the prime factors of 5017027696.
2, 1511, 207521
List the prime factors of 2564937127.
6133, 418219
What are the prime factors of 176078093?
176078093
What are the prime factors of 33601931?
11, 3054721
What are the prime factors of 63785484?
2, 3, 7, 37, 6841
What are the prime factors of 546245842?
2, 113, 2417017
What are the prime factors of 333288296?
2, 11, 3787367
What are the prime factors of 13722703?
883, 15541
List the prime factors of 447673225.
5, 17906929
List the prime factors of 117248693.
647, 181219
What are the prime factors of 171455114?
2, 37, 2316961
List the prime factors of 103830408.
2, 3, 11, 31, 4229
What are the prime factors of 91693127?
53, 641, 2699
What are the prime factors of 53142764?
2, 1051, 12641
List the prime factors of 62665851.
3, 20888617
What are the prime factors of 53837918?
2, 2153, 12503
List the prime factors of 480817408.
2, 1878193
List the prime factors of 2055253150.
2, 5, 41105063
What are the prime factors of 111667557?
3, 109, 341491
What are the prime factors of 43777425?
3, 5, 19, 31, 991
List the prime factors of 1128317750.
2, 5, 7, 644753
List the prime factors of 734726884.
2, 19, 9667459
What are the prime factors of 1692405019?
3517, 481207
What are the prime factors of 34420080?
2, 3, 5, 173, 829
List the prime factors of 5600386334.
2, 23, 121747529
What are the prime factors of 572175741?
3, 190725247
What are the prime factors of 15917491?
17, 29, 83, 389
List the prime factors of 35405169.
3, 17, 167, 4157
List the prime factors of 5811417527.
5811417527
What are the prime factors of 81285861?
3, 2251, 12037
What are the prime factors of 2075235536?
2, 11, 23, 512657
What are the prime factors of 68050850?
2, 5, 7, 194431
What are the prime factors of 70422275?
5, 7, 11, 36583
What are the prime factors of 26703599?
13, 227, 9049
List the prime factors of 43444015.
5, 89, 233, 419
List the prime factors of 323539648.
2, 17, 297371
List the prime factors of 881238877.
17, 51837581
List the prime factors of 326906766.
2, 3, 37, 54539
What are the prime factors of 21376317?
3, 109, 65371
What are the prime factors of 2765738128?
2, 7297, 23689
What are the prime factors of 1678065632?
2, 52439551
What are the prime factors of 3275268662?
2, 73, 22433347
List the prime factors of 53890173.
3, 23, 260339
List the prime factors of 4834682933.
277, 1297, 13457
What are the prime factors of 84257127?
3, 1831, 5113
What are the prime factors of 5156017457?
5156017457
List the prime factors of 1394443.
47, 29669
What are the prime factors of 252672121?
13, 19436317
What are the prime factors of 1488993607?
53, 1061, 26479
What are the prime factors of 322850473?
11, 47, 624469
List the prime factors of 164386203.
3, 311, 176191
What are the prime factors of 57005293?
23, 41, 61, 991
What are the prime factors of 47693253?
3, 15897751
List the prime factors of 262266215.
5, 19, 2760697
What are the prime factors of 532994364?
2, 3, 7, 23, 29, 151
List the prime factors of 225915195.
3, 5, 11, 1369183
List the prime factors of 1492276100.
2, 5, 7, 2131823
List the prime factors of 1882520371.
41, 1867, 24593
What are the prime factors of 714906753?
3, 11, 29, 163, 4583
What are the prime factors of 95247257?
7, 163, 83477
What are the prime factors of 73947612?
2, 3, 251, 24551
What are the prime factors of 37496012?
2, 73, 128411
List the prime factors of 7090180067.
883, 8029649
List the prime factors of 2227641738.
2, 3, 7, 19, 2791531
What are the prime factors of 55449663?
3, 367, 50363
List the prime factors of 6893131.
7, 984733
List the prime factors of 269897274.
2, 3, 179, 211, 397
What are the prime factors of 105405629?
7, 41, 281, 1307
What are the prime factors of 275272272?
2, 3, 11, 173783
List the prime factors of 2106148045.
5, 3823, 110183
What are the prime factors of 63795206?
2, 701, 45503
What are the prime factors of 169425434?
2, 17, 137, 36373
List the prime factors of 4150959.
3, 1383653
List the prime factors of 147102939.
3, 419, 13003
What are the prime factors of 229406790?
2, 3, 5, 53, 223, 647
List the prime factors of 20273316.
2, 3, 7, 17, 14197
What are the prime factors of 248380445?
5, 19, 37, 70663
What are the prime factors of 445679410?
2, 5, 11, 4051631
List the prime factors of 105880036.
2, 26470009
What are the prime factors of 98895590?
2, 5, 9889559
List the prime factors of 772218641.
29, 41, 649469
What are the prime factors of 907861603?
11, 82532873
List the prime factors of 1036330745.
5, 43, 293, 16451
What are the prime factors of 1907397359?
7, 89, 419, 7307
What are the prime factors of 565155?
3, 5, 19, 661
List the prime factors of 1272294.
2, 3, 23561
What are the prime factors of 612786141?
3, 11, 47, 14633
List the prime factors of 9703654.
2, 23, 193, 1093
What are the prime factors of 65712145?
5, 1567, 8387
List the prime factors of 351697643.
11, 59, 83, 6529
List the prime factors of 999134329.
23, 83, 223, 2347
What are the prime factors of 347775895?
5, 67, 103, 10079
What are the prime factors of 36263271?
3, 11, 643, 1709
What are the prime factors of 805053269?
805053269
What are the prime factors of 735844763?
911, 807733
What are the prime factors of 115468902?
2, 3, 131, 5441
What are the prime factors of 1077556362?
2, 3, 179592727
What are the prime factors of 3932633931?
3, 3461, 378757
List the prime factors of 779247108.
2, 3, 127, 56813
What are the prime factors of 44020133?
44020133
List the prime factors of 549805682.
2, 71, 3871871
List the prime factors of 43278446.
2, 47, 460409
List the prime factors of 780820351.
780820351
List the prime factors of 1332830299.
163, 8176873
What are the prime factors of 64448236?
2, 1777, 9067
What are the prime factors of 64027228?
2, 16006807
What are the prime factors of 2896492242?
2, 3, 7, 68964101
List the prime factors of 2796459776.
2, 11, 41, 53, 457
List the prime factors of 10675917.
3, 7, 97, 1747
What are the prime factors of 5394073?
97, 55609
What are the prime factors of 57755435?
5, 1483, 7789
What are the prime factors of 2008251155?
5, 15073, 26647
What are the prime factors of 337352008?
2, 7, 89, 113, 599
List the prime factors of 27985675.
5, 137, 8171
What are the prime factors of 242711715?
3, 5, 16180781
List the prime factors of 54598319.
54598319
List the prime factors of 462905672.
2, 57863209
What are the prime factors of 5163149226?
2, 3, 311, 937, 2953
List the prime factors of 135280159.
7, 19325737
What are the prime factors of 1280724329?
89